{"id":8,"date":"2016-09-14T22:17:04","date_gmt":"2016-09-14T22:17:04","guid":{"rendered":"http:\/\/sikk2004.hu\/?page_id=8"},"modified":"2018-02-04T10:25:42","modified_gmt":"2018-02-04T10:25:42","slug":"jogositvany","status":"publish","type":"page","link":"http:\/\/sikk2004.hu\/index.php\/jogositvany\/","title":{"rendered":"JOGOS\u00cdTV\u00c1NY"},"content":{"rendered":"<p><strong>ELM\u00c9LETI k\u00e9pz\u00e9s<\/strong> lehet\u0151s\u00e9gei:<\/p>\n<ul>\n<li>tantermi k\u00e9pz\u00e9s (<strong>megfelel\u0151 sz\u00e1m\u00fa jelentkez\u0151 eset\u00e9n<\/strong> folyamatosan indul\u00f3 tanfolyamok, Csepelen \u00e9s R\u00e1ckev\u00e9n)<\/li>\n<li>t\u00e1voktat\u00e1s (egy\u00e9ni v\u00e1laszt\u00e1s szerint, a jelentkez\u00e9st k\u00f6vet\u0151en, <strong>b\u00e1rmely id\u0151pontban<\/strong>)<\/li>\n<\/ul>\n<p>\u00d8\u00a0 Az elm\u00e9leti k\u00e9pz\u00e9s a tantermi tanfolyam kezd\u0151 napj\u00e1t\u00f3l indul \u00e9s <strong>9 h\u00f3nap<\/strong> \u00e1ll rendelkez\u00e9sre az els\u0151 vizsg\u00e1n val\u00f3 megjelen\u00e9sig. Amennyiben a vizsg\u00e1n megjelent, de sikertelen a vizsg\u00e1ja, abban az esetben a kezd\u0151 id\u0151pontt\u00f3l <strong>egy \u00e9v<\/strong> \u00e1ll rendelkez\u00e9sre a sikeres elm\u00e9leti vizsga teles\u00edt\u00e9s\u00e9re.<\/p>\n<p>Ha egy \u00e9v alatt nem tesz sikeres elm\u00e9leti vizsg\u00e1t, abban az esetben csak az elm\u00e9leti tanfolyam megism\u00e9tl\u00e9s\u00e9vel, \u00fajb\u00f3li beiratkoz\u00e1ssal, szerezhet jogos\u00edtv\u00e1nyt.<\/p>\n<p>\u00d8\u00a0 T\u00e1voktat\u00e1s eset\u00e9ben a tanfolyam a programba t\u00f6rt\u00e9nt regisztr\u00e1l\u00e1s napj\u00e1n indul a k\u00e9pz\u00e9s. A regisztr\u00e1l\u00e1s napja a tanul\u00f3 \u00e1ltal v\u00e1laszthat\u00f3, ennek alapj\u00e1n az iskolavezet\u0151 iskol\u00e1zza be a jelentkez\u0151t. A beiskol\u00e1z\u00e1s napj\u00e1t\u00f3l, <strong>9 h\u00f3nap<\/strong> \u00e1ll rendelkez\u00e9sre az els\u0151 vizsg\u00e1n val\u00f3 megjelen\u00e9sig. Amennyiben a vizsg\u00e1n megjelent, de sikertelen a vizsg\u00e1ja, abban az esetben a kezd\u0151 id\u0151pontt\u00f3l <strong>egy \u00e9v<\/strong> \u00e1l rendelkez\u00e9sre a sikeres elm\u00e9leti vizsga teles\u00edt\u00e9s\u00e9re.<\/p>\n<p>Ha egy \u00e9v alatt nem tesz sikeres elm\u00e9leti vizsg\u00e1t, abban az esetben csak az elm\u00e9leti tanfolyam megism\u00e9tl\u00e9s\u00e9vel, \u00fajb\u00f3li beiratkoz\u00e1ssal, szerezhet jogos\u00edtv\u00e1nyt.<\/p>\n<p>A <strong>sikeres elm\u00e9leti vizsg\u00e1<\/strong>t k\u00f6vet\u0151en, <strong>k\u00e9t \u00e9v<\/strong> \u00e1ll rendelkez\u00e9sre a sikeres gyakorlati vizsga teljes\u00edt\u00e9s\u00e9hez.<\/p>\n<p>Az els\u0151 elm\u00e9leti vizsg\u00e1n a 8 \u00e1ltal\u00e1nos\u00a0iskola elv\u00e9gz\u00e9s\u00e9t eredeti bizony\u00edtv\u00e1nnyal kell igazolni a vizsg\u00e1z\u00e1s helysz\u00edn\u00e9n. K\u00fclf\u00f6ld\u00f6n szerzett v\u00e9gzetts\u00e9g eset\u00e9ben hiteles magyar ford\u00edt\u00e1st kell k\u00e9sz\u00edttetni, akkredit\u00e1lt ford\u00edt\u00f3 irod\u00e1val.<\/p>\n<p><strong>GYAKORLATI vezet\u00e9s<\/strong>:<\/p>\n<p>Csak sikeres elm\u00e9leti vizsg\u00e1t k\u00f6vet\u0151en kezdhet\u0151 meg a gyakorlati k\u00e9pz\u00e9s.<\/p>\n<p>B kateg\u00f3ria eset\u00e9n gyakorlati vezet\u00e9si <strong>\u00f3r\u00e1k sz\u00e1ma 30<\/strong>, el\u0151\u00edrt <strong>580 km<\/strong> megt\u00e9tele.<\/p>\n<p>A <strong>motorker\u00e9kp\u00e1ros kateg\u00f3ri\u00e1k<\/strong> eset\u00e9ben a gyakorlati vezet\u00e9si <strong>\u00f3r\u00e1k sz\u00e1ma <\/strong>kateg\u00f3ri\u00e1nk\u00e9nt elt\u00e9r\u0151en ker\u00fclnek meghat\u00e1roz\u00e1sra, a jogszab\u00e1lyi el\u0151\u00edr\u00e1sok figyelembe v\u00e9tel\u00e9vel.<\/p>\n<p><strong>Tov\u00e1bbi r\u00e9szletek az egyes kateg\u00f3ri\u00e1kra vonatkoz\u00f3 \u00e1ltal\u00e1nos szerz\u0151d\u00e9si felt\u00e9telekben.<\/strong><\/p>\n<p><strong> <a href=\"http:\/\/sikk2004.hu\/index.php\/aszf\/\" data-saferedirecturl=\"https:\/\/www.google.com\/url?hl=hu&amp;q=http:\/\/sikk2004.hu\/index.php\/aszf\/&amp;source=gmail&amp;ust=1517826073744000&amp;usg=AFQjCNFIrowiGE0-GMGeAv3KC9jGNRfueA\">http:\/\/sikk2004.hu\/index.php\/aszf\/<\/a><\/strong><\/p>\n<p><strong>\u00a0<\/strong><\/p>\n<p><strong>Az elm\u00e9leti \u00e9s gyakorlati vizsg\u00e1k id\u0151pontj\u00e1t a k\u00f6zleked\u00e9si hat\u00f3s\u00e1g adja meg. <\/strong><\/p>\n<p><strong>K\u00e9pz\u00e9s\u00e9nek sikeres befejez\u00e9s\u00e9hez k\u00e9rj\u00fck vegye figyelembe, hogy az ig\u00e9nyelt vizsga lehet\u0151s\u00e9gekre, v\u00e1ltoz\u00f3 hossz\u00fas\u00e1g\u00fa v\u00e1rakoz\u00e1si id\u0151t hat\u00e1roznak meg. <\/strong><\/p>\n<p><strong>A motorker\u00e9kp\u00e1ros kateg\u00f3ri\u00e1k eset\u00e9ben, gyakorlati k\u00e9pz\u00e9sre \u00e9s vizsg\u00e1ra, az \u00e9v 4 h\u00f3napj\u00e1ban nincsen lehet\u0151s\u00e9g. <\/strong><\/p>\n<p><strong>(november 30-t\u00f3l, febru\u00e1r 28-ig)<\/strong><\/p>\n<p><strong>Elm\u00e9leti \u00e9s gyakorlati vizsga eset\u00e9ben a hat\u00f3s\u00e1gi vizsg\u00e1k d\u00edj\u00e1t iskol\u00e1nk, megb\u00edz\u00e1sb\u00f3l szedi be \u00e9s tov\u00e1bb\u00edtja a Hat\u00f3s\u00e1g r\u00e9sz\u00e9re. <\/strong><\/p>\n<p><strong>Vizsg\u00e1ra jelentkez\u00e9s csak el\u0151re befizetett vizsgad\u00edj ellen\u00e9ben lehets\u00e9ges<\/strong>.<\/p>\n","protected":false},"excerpt":{"rendered":"<p>ELM\u00c9LETI k\u00e9pz\u00e9s lehet\u0151s\u00e9gei: tantermi k\u00e9pz\u00e9s (megfelel\u0151 sz\u00e1m\u00fa jelentkez\u0151 eset\u00e9n folyamatosan indul\u00f3 tanfolyamok, Csepelen \u00e9s R\u00e1ckev\u00e9n) t\u00e1voktat\u00e1s (egy\u00e9ni v\u00e1laszt\u00e1s szerint, a jelentkez\u00e9st k\u00f6vet\u0151en, b\u00e1rmely id\u0151pontban) \u00d8\u00a0 Az elm\u00e9leti k\u00e9pz\u00e9s a tantermi tanfolyam kezd\u0151 napj\u00e1t\u00f3l indul \u00e9s 9 h\u00f3nap \u00e1ll rendelkez\u00e9sre az els\u0151 vizsg\u00e1n val\u00f3 megjelen\u00e9sig. Amennyiben a vizsg\u00e1n megjelent, de sikertelen a vizsg\u00e1ja, abban az esetben &hellip; <a href=\"http:\/\/sikk2004.hu\/index.php\/jogositvany\/\" class=\"more-link\"><span class=\"screen-reader-text\">&#8222;JOGOS\u00cdTV\u00c1NY&#8221;<\/span> b\u0151vebben<\/a><\/p>\n","protected":false},"author":1,"featured_media":0,"parent":0,"menu_order":0,"comment_status":"closed","ping_status":"closed","template":"","meta":{"jetpack_post_was_ever_published":false,"footnotes":""},"jetpack_sharing_enabled":true,"jetpack_shortlink":"https:\/\/wp.me\/P9u18y-8","jetpack_likes_enabled":true,"jetpack-related-posts":[],"_links":{"self":[{"href":"http:\/\/sikk2004.hu\/index.php\/wp-json\/wp\/v2\/pages\/8"}],"collection":[{"href":"http:\/\/sikk2004.hu\/index.php\/wp-json\/wp\/v2\/pages"}],"about":[{"href":"http:\/\/sikk2004.hu\/index.php\/wp-json\/wp\/v2\/types\/page"}],"author":[{"embeddable":true,"href":"http:\/\/sikk2004.hu\/index.php\/wp-json\/wp\/v2\/users\/1"}],"replies":[{"embeddable":true,"href":"http:\/\/sikk2004.hu\/index.php\/wp-json\/wp\/v2\/comments?post=8"}],"version-history":[{"count":3,"href":"http:\/\/sikk2004.hu\/index.php\/wp-json\/wp\/v2\/pages\/8\/revisions"}],"predecessor-version":[{"id":103,"href":"http:\/\/sikk2004.hu\/index.php\/wp-json\/wp\/v2\/pages\/8\/revisions\/103"}],"wp:attachment":[{"href":"http:\/\/sikk2004.hu\/index.php\/wp-json\/wp\/v2\/media?parent=8"}],"curies":[{"name":"wp","href":"https:\/\/api.w.org\/{rel}","templated":true}]}}