{"id":214,"date":"2019-05-01T09:03:23","date_gmt":"2019-05-01T09:03:23","guid":{"rendered":"http:\/\/sikk2004.hu\/?page_id=214"},"modified":"2020-02-27T15:34:21","modified_gmt":"2020-02-27T15:34:21","slug":"kapcsolat-felvetel","status":"publish","type":"page","link":"http:\/\/sikk2004.hu\/index.php\/kapcsolat-felvetel\/","title":{"rendered":"Kapcsolat felv\u00e9tel"},"content":{"rendered":"\n<div class=\"wpcf7 no-js\" id=\"wpcf7-f309-o1\" lang=\"hu-HU\" dir=\"ltr\">\n<div class=\"screen-reader-response\"><p role=\"status\" aria-live=\"polite\" aria-atomic=\"true\"><\/p> <ul><\/ul><\/div>\n<form action=\"\/index.php\/wp-json\/wp\/v2\/pages\/214#wpcf7-f309-o1\" method=\"post\" class=\"wpcf7-form init\" aria-label=\"Kapcsolatfelv\u00e9teli \u0171rlap\" novalidate=\"novalidate\" data-status=\"init\">\n<div style=\"display: none;\">\n<input type=\"hidden\" name=\"_wpcf7\" value=\"309\" \/>\n<input type=\"hidden\" name=\"_wpcf7_version\" value=\"5.7.7\" \/>\n<input type=\"hidden\" name=\"_wpcf7_locale\" value=\"hu_HU\" \/>\n<input type=\"hidden\" name=\"_wpcf7_unit_tag\" value=\"wpcf7-f309-o1\" \/>\n<input type=\"hidden\" name=\"_wpcf7_container_post\" value=\"0\" \/>\n<input type=\"hidden\" name=\"_wpcf7_posted_data_hash\" value=\"\" \/>\n<\/div>\n<p><label> N\u00e9v (k\u00f6telez\u0151)<br \/>\n<span class=\"wpcf7-form-control-wrap\" data-name=\"your-name\"><input size=\"40\" class=\"wpcf7-form-control wpcf7-text wpcf7-validates-as-required\" aria-required=\"true\" aria-invalid=\"false\" value=\"\" type=\"text\" name=\"your-name\" \/><\/span> <\/label>\n<\/p>\n<p><label> Email c\u00edm (k\u00f6telez\u0151)<br \/>\n<span class=\"wpcf7-form-control-wrap\" data-name=\"your-email\"><input size=\"40\" class=\"wpcf7-form-control wpcf7-text wpcf7-email wpcf7-validates-as-required wpcf7-validates-as-email\" aria-required=\"true\" aria-invalid=\"false\" value=\"\" type=\"email\" name=\"your-email\" \/><\/span> <\/label><br \/>\n<label> Telefonsz\u00e1m:<br \/>\n<span class=\"wpcf7-form-control-wrap\" data-name=\"tel-717\"><input size=\"40\" class=\"wpcf7-form-control wpcf7-text wpcf7-tel wpcf7-validates-as-tel\" id=\"telefonszam\" aria-invalid=\"false\" value=\"\" type=\"tel\" name=\"tel-717\" \/><\/span><br \/>\n<label> V\u00e1lasztott kateg\u00f3ria<br \/>\n<span class=\"wpcf7-form-control-wrap\" data-name=\"radio-471\"><span class=\"wpcf7-form-control wpcf7-radio\" id=\"Kategria\"><span class=\"wpcf7-list-item first\"><input type=\"radio\" name=\"radio-471\" value=\"Seg\u00e9dmotorker\u00e9kp\u00e1r\" checked=\"checked\" \/><span class=\"wpcf7-list-item-label\">Seg\u00e9dmotorker\u00e9kp\u00e1r<\/span><\/span><span class=\"wpcf7-list-item\"><input type=\"radio\" name=\"radio-471\" value=\"Motorker\u00e9kp\u00e1r A\" \/><span class=\"wpcf7-list-item-label\">Motorker\u00e9kp\u00e1r A<\/span><\/span><span class=\"wpcf7-list-item\"><input type=\"radio\" name=\"radio-471\" value=\"A korl\u00e1tozott\" \/><span class=\"wpcf7-list-item-label\">A korl\u00e1tozott<\/span><\/span><span class=\"wpcf7-list-item\"><input type=\"radio\" name=\"radio-471\" value=\"A1\" \/><span class=\"wpcf7-list-item-label\">A1<\/span><\/span><span class=\"wpcf7-list-item\"><input type=\"radio\" name=\"radio-471\" value=\"A1+B\" \/><span class=\"wpcf7-list-item-label\">A1+B<\/span><\/span><span class=\"wpcf7-list-item last\"><input type=\"radio\" name=\"radio-471\" value=\"B Szem\u00e9lyaut\u00f3\" \/><span class=\"wpcf7-list-item-label\">B Szem\u00e9lyaut\u00f3<\/span><\/span><\/span><\/span><br \/>\n<label> \u00dczenet<br \/>\n<span class=\"wpcf7-form-control-wrap\" data-name=\"your-message\"><textarea cols=\"40\" rows=\"10\" class=\"wpcf7-form-control wpcf7-textarea\" aria-invalid=\"false\" name=\"your-message\"><\/textarea><\/span> <\/label><br \/>\n<input class=\"wpcf7-form-control has-spinner wpcf7-submit\" type=\"submit\" value=\"K\u00fcld\u00e9s\" \/><\/label><\/label>\n<\/p><p style=\"display: none !important;\" class=\"akismet-fields-container\" data-prefix=\"_wpcf7_ak_\"><label>&#916;<textarea name=\"_wpcf7_ak_hp_textarea\" cols=\"45\" rows=\"8\" maxlength=\"100\"><\/textarea><\/label><input type=\"hidden\" id=\"ak_js_1\" name=\"_wpcf7_ak_js\" value=\"99\"\/><script>document.getElementById( \"ak_js_1\" ).setAttribute( \"value\", ( new Date() ).getTime() );<\/script><\/p><div class=\"wpcf7-response-output\" aria-hidden=\"true\"><\/div>\n<\/form>\n<\/div>\n\n","protected":false},"excerpt":{"rendered":"","protected":false},"author":1,"featured_media":0,"parent":0,"menu_order":0,"comment_status":"closed","ping_status":"closed","template":"","meta":{"jetpack_post_was_ever_published":false,"footnotes":""},"jetpack_sharing_enabled":true,"jetpack_shortlink":"https:\/\/wp.me\/P9u18y-3s","jetpack_likes_enabled":true,"jetpack-related-posts":[],"_links":{"self":[{"href":"http:\/\/sikk2004.hu\/index.php\/wp-json\/wp\/v2\/pages\/214"}],"collection":[{"href":"http:\/\/sikk2004.hu\/index.php\/wp-json\/wp\/v2\/pages"}],"about":[{"href":"http:\/\/sikk2004.hu\/index.php\/wp-json\/wp\/v2\/types\/page"}],"author":[{"embeddable":true,"href":"http:\/\/sikk2004.hu\/index.php\/wp-json\/wp\/v2\/users\/1"}],"replies":[{"embeddable":true,"href":"http:\/\/sikk2004.hu\/index.php\/wp-json\/wp\/v2\/comments?post=214"}],"version-history":[{"count":4,"href":"http:\/\/sikk2004.hu\/index.php\/wp-json\/wp\/v2\/pages\/214\/revisions"}],"predecessor-version":[{"id":311,"href":"http:\/\/sikk2004.hu\/index.php\/wp-json\/wp\/v2\/pages\/214\/revisions\/311"}],"wp:attachment":[{"href":"http:\/\/sikk2004.hu\/index.php\/wp-json\/wp\/v2\/media?parent=214"}],"curies":[{"name":"wp","href":"https:\/\/api.w.org\/{rel}","templated":true}]}}